0 + -32660?
-33300
In base 14, what is 85 + -11b?
-76
In base 5, what is 33212 + 13103?
101320
In base 5, what is 43 - -11414?
12012
In base 6, what is -13300523 + 0?
-13300523
In base 9, what is 265 + -257?
7
In base 6, what is -41 - 125420?
-125501
In base 8, what is 5 + 24467?
24474
In base 16, what is 5c + -7c?
-20
In base 13, what is -4 + 1937?
1933
In base 11, what is -a3a - 2094?
-3023
In base 12, what is -325a + 2a?
-3230
In base 3, what is -1201200210020 - 12?
-1201200210102
In base 3, what is 12012120 + -11?
12012102
In base 15, what is 3 + 1603d?
16041
In base 4, what is 0 + -2122310?
-2122310
In base 10, what is -319 + -38?
-357
In base 12, what is -5 + 7381?
7378
In base 8, what is 1273336 - 0?
1273336
In base 6, what is -10313411 + -4?
-10313415
In base 12, what is 802423 - -5?
802428
In base 5, what is 44320430 - -10?
44320440
In base 10, what is 0 + 30978?
30978
In base 5, what is -4131330 + -340?
-4132220
In base 5, what is 21121 - -111?
21232
In base 8, what is 1043221 - 20?
1043201
In base 4, what is -112202321 + -13?
-112203000
In base 3, what is 2220 + -20020?
-10100
In base 5, what is -10 + 1210214?
1210204
In base 4, what is 2331010 + -10?
2331000
In base 3, what is -222220122 - 11?
-222220210
In base 6, what is 234 - -103302?
103540
In base 10, what is 1 + 30642?
30643
In base 13, what is 1 - a329?
-a328
In base 13, what is 15 - b57?
-b42
In base 11, what is 219 + 7a21?
813a
In base 4, what is 1101130132 - -1?
1101130133
In base 12, what is -50 + 7a?
2a
In base 4, what is 31130213 + -113?
31130100
In base 9, what is -22187 + 1?
-22186
In base 13, what is -31 - -aaa?
a79
In base 11, what is 148 - -33a3?
3540
In base 12, what is -1 + 76768?
76767
In base 8, what is 513450 + -4?
513444
In base 16, what is 2 - -d59?
d5b
In base 7, what is -3 - 3303?
-3306
In base 13, what is -1464 - -10?
-1454
In base 10, what is -5 - 17905?
-17910
In base 8, what is -7 + -21511?
-21520
In base 14, what is 0 - 4b?
-4b
In base 11, what is 6 - 33368?
-33362
In base 7, what is -35 + 30646?
30611
In base 11, what is -56a1 + 75?
-5627
In base 10, what is -7 - 163788?
-163795
In base 4, what is -10 + -10310020?
-10310030
In base 8, what is -3 + -273747?
-273752
In base 16, what is e7b56 - 2?
e7b54
In base 11, what is -34 - -1138?
1104
In base 4, what is -1222 - -11120?
3232
In base 6, what is 22 - 545252?
-545230
In base 7, what is -15556 + 22?
-15534
In base 14, what is 1 - -2152d?
21530
In base 13, what is c7 - -692b?
6a25
In base 6, what is -1040050 + -30?
-1040120
In base 16, what is 36 - 1c0?
-18a
In base 7, what is -43 + -2366?
-2442
In base 11, what is 1 + 1765a?
17660
In base 14, what is 103 - 3662?
-355d
In base 2, what is -110101101000010 - 0?
-110101101000010
In base 4, what is 112020 - 23200?
22220
In base 12, what is 6412 - -1b6?
6608
In base 6, what is -311 - 10053?
-10404
In base 15, what is 234db + 9?
234e5
In base 10, what is -211 + -2043?
-2254
In base 6, what is -30412 + 22?
-30350
In base 10, what is 3 - 267237?
-267234
In base 15, what is 12ba - 4c?
126d
In base 5, what is -432243 - -104?
-432134
In base 13, what is 187a + -114?
1766
In base 8, what is 26 + 10373?
10421
In base 6, what is 51050 + -1?
51045
In base 3, what is 20011 + 1022212?
1120000
In base 9, what is -1523 + 16?
-1506
In base 12, what is 125 + -26?
bb
In base 16, what is 39a3e9 + 1?
39a3ea
In base 16, what is a8b - 6?
a85
In base 8, what is 466010 - -10?
466020
In base 12, what is -47 - -12737?
126b0
In base 11, what is 3 - 19449?
-19446
In base 10, what is 174 + 289?
463
In base 3, what is 11 + 21210111012?
21210111100
In base 5, what is 1141 + -1143?
-2
In base 7, what is 1 - -5631?
5632
In base 9, what is 3217384 - 1?
3217383
In base 10, what is -1332 - 70?
-1402
In base 16, what is 8b + -2260?
-21d5
In base 12, what is -7b2 + 12b?
-683
In base 11, what is 918 + -93?
835
In base 7, what is 4 - -42416?
42423
In base 9, what is -17706 - -41?
-17655
In base 6, what is 132155352 + -5?
132155343
In base 2, what is 100111101111110 + 101?
100111110000011
In base 16, what is -4 + -1af2?
-1af6
In base 14, what is -1 + 2bb8?
2bb7
In base 5, what is -10401 - -32011?
21110
In base 15, what is e42 - 37?
e0a
In base 16, what is 2323c - -7?
23243
In base 5, what is -22404332 + 1?
-22404331
In base 11, what is -aaa9 + 7?
-aaa2
In base 16, what is 1f4 - -15?
209
In base 3, what is 11112012222122 + -2?
11112012222120
In base 9, what is 60353 - 3?
60350
In base 12, what is -2 + 69411?
6940b
In base 15, what is -149 + -2e1?
-43a
In base 9, what is 354503 + -2?
354501
In base 16, what is 5146 + 5?
514b
In base 14, what is -726bb - 4?
-726c1
In base 11, what is -9 - 1047a8?
-104806
In base 6, what is 10 + -4414151?
-4414141
In base 14, what is -2063 + 9?
-2058
In base 2, what is 1 - 1010000100100?
-1010000100011
In base 14, what is 1b - -4030?
404b
In base 8, what is -1031054 + -4?
-1031060
In base 13, what is 0 - -a9601?
a9601
In base 6, what is 5 + 14144142?
14144151
In base 11, what is -8 + 18823?
18816
In base 5, what is -11 - 4303?
-4314
In base 5, what is -212331 - -20?
-212311
In base 15, what is 2 + -8b0d?
-8b0b
In base 7, what is -101 + 23306?
23205
In base 16, what is 0 - 1a94?
-1a94
In base 7, what is 34 - -34566?
34633
In base 15, what is -1a7a - 1d?
-1a98
In base 15, what is -2 + 39d69?
39d67
In base 6, what is -22442 - 403?
-23245
In base 7, what is -55 + -3460?
-3545
In base 8, what is -3 - 216412?
-216415
In base 8, what is -136335 - 5?
-136342
In base 7, what is -10640 + -116?
-11056
In base 10, what is -2 - -8341?
8339
In base 3, what is -10 + -20100102120?
-20100102200
In base 6, what is -1 + -2344313?
-2344314
In base 5, what is -34414302 + -3?
-34414310
In base 4, what is 111230 - -1000?
112230
In base 2, what is -10010100 + -1011011010?
-1101101110
In base 3, what is -10012221001011 - 2?
-10012221001020
In base 7, what is -12 + -6462?
-6504
In base 7, what is 300645 + -3?
300642
In base 8, what is 5 + 51425?
51432
In base 11, what is -48 - 67127?
-67174
In base 14, what is 158 + a4c?
ba6
In base 6, what is 21120 - 3341?
13335
In base 13, what is -5 - -16100?
160c8
In base 14, what is 2 - -2068d?
20691
In base 4, what is 11 + 222313001?
222313012
In base 5, what is 442 - -243423?
244420
In base 10, what is 4815 + -29?
4786
In base 8, what is 405 - 127?
256
In base 10, what is -43 + 5737?
5694
In base 3, what is 12020 + -22202?
-10112
In base 5, what is 1412 - 4132?
-2220
In base 5, what is -1443 - -112?
-1331
In base 9, what is 1 + -13042?
-13041
In base 14, what is -455 + 11d?
-336
In base 4, what is 32330030 + -2?
32330022
In base 7, what is -2302563 - 2?
-2302565
In base 8, what is 215142 + 0?
215142
In base 9, what is 10144 + -686?
8347
In base 13, what is -5b + -504?
-562
In base 6, what is 3254 + -22?
3232
In base 15, what is 1869 + -104?
1765
In base 16, what is -1a - -33028?
3300e
In base 7, what is 41541 - -160?
42031
In base 3, what is 1 + 111102201202?
111102201210
In base 3, what is 20222101122001 + -1?
20222101122000
In base 16, what is 305 + 20?
325
In base 6, what is -14054 + 5?
-14045
In base 9, what is -2031 - 101?
-2132
In base 6, what is -15254 - 5?
-15303
In base 4, what is 112 - 1031120?
-1031002
In base 5, what is -1243 + -2310?
-4103
In base 9, what is 14 - -43645?
43660
In base 6, what is -5 - -131001?
130552
In base 7, what is -221050 - -4?
-221043
In base 7, what is 456542 + -5?
456534
In base 7, what is -2230 - -36?
-2161
In base 13, what is 1 - 186a62?
-186a61
In base 7, what is -3225216 + 1?
-3225215
In base 13, what is -3 - -37b8?
37b5
In base 8, what is 456525 - -36?
456563
In base 10, what is 18 - 733?
-715
In base 2, what is 1101111111000001 - 11?
1101111110111110
In base 3, what is 2202 - 12001021?
-11221112
In base 6, what is 13 + 122255?
122312
In base 5, what is -3002 + -10123?
-13130
In base 9, what is -554257 + -6?
-554264
In base 14, what is 144 + -17?
12b
In base 5, what is -20130020 + 4?
-20130011
In base 14, what is -8 + 9c4?
9ba
In base 11, what is 12a19 + 16?
12a34
In base 16, what is -fa6 + 23?
-f83
In base 2, what is 11010101111110001 + 1?
11010101111110010
In base 13, what is -24635 + -4?
-24639
In base 4, what is 3 + 231333000?
231333003
In base 11, what is 274 - 4?
270
In base 3, what is 111 - -1110011